{"id":1157,"date":"2023-11-11T08:02:13","date_gmt":"2023-11-11T11:02:13","guid":{"rendered":"https:\/\/nucleobatuira.org.br\/?page_id=1157"},"modified":"2023-11-11T21:12:21","modified_gmt":"2023-11-12T00:12:21","slug":"novidades-2","status":"publish","type":"page","link":"https:\/\/nucleobatuira.org.br\/?page_id=1157","title":{"rendered":"Novidades"},"content":{"rendered":"\t\t<div data-elementor-type=\"wp-page\" data-elementor-id=\"1157\" class=\"elementor elementor-1157\" data-elementor-settings=\"[]\">\n\t\t\t\t\t\t\t<div class=\"elementor-section-wrap\">\n\t\t\t\t\t\t\t<section class=\"elementor-section elementor-top-section elementor-element elementor-element-b468e66 elementor-section-boxed elementor-section-height-default elementor-section-height-default\" data-id=\"b468e66\" data-element_type=\"section\">\n\t\t\t\t\t\t<div class=\"elementor-container elementor-column-gap-default\">\n\t\t\t\t\t<div class=\"elementor-column elementor-col-100 elementor-top-column elementor-element elementor-element-0918a38\" data-id=\"0918a38\" data-element_type=\"column\">\n\t\t\t<div class=\"elementor-widget-wrap elementor-element-populated\">\n\t\t\t\t\t\t\t\t<div class=\"elementor-element elementor-element-2c2f414 elementor-widget elementor-widget-heading\" data-id=\"2c2f414\" data-element_type=\"widget\" data-widget_type=\"heading.default\">\n\t\t\t\t<div class=\"elementor-widget-container\">\n\t\t\t<h2 class=\"elementor-heading-title elementor-size-default\">Novidades<\/h2>\t\t<\/div>\n\t\t\t\t<\/div>\n\t\t\t\t<div class=\"elementor-element elementor-element-57443bd elementor-grid-3 elementor-grid-tablet-2 elementor-grid-mobile-1 elementor-posts--thumbnail-top elementor-widget elementor-widget-posts\" data-id=\"57443bd\" data-element_type=\"widget\" data-settings=\"{&quot;classic_columns&quot;:&quot;3&quot;,&quot;classic_columns_tablet&quot;:&quot;2&quot;,&quot;classic_columns_mobile&quot;:&quot;1&quot;,&quot;classic_row_gap&quot;:{&quot;unit&quot;:&quot;px&quot;,&quot;size&quot;:35,&quot;sizes&quot;:[]}}\" data-widget_type=\"posts.classic\">\n\t\t\t\t<div class=\"elementor-widget-container\">\n\t\t\t\t\t<div class=\"elementor-posts-container elementor-posts elementor-posts--skin-classic elementor-grid\">\n\t\t\t\t<article class=\"elementor-post elementor-grid-item post-929 post type-post status-publish format-standard has-post-thumbnail hentry category-sem-categoria\">\n\t\t\t\t<a class=\"elementor-post__thumbnail__link\" href=\"https:\/\/nucleobatuira.org.br\/?p=929\" >\n\t\t\t<div class=\"elementor-post__thumbnail\"><img loading=\"lazy\" decoding=\"async\" width=\"250\" height=\"250\" src=\"https:\/\/nucleobatuira.org.br\/wp-content\/uploads\/2021\/07\/projcrecheimg.jpg\" class=\"attachment-medium size-medium\" alt=\"\" srcset=\"https:\/\/nucleobatuira.org.br\/wp-content\/uploads\/2021\/07\/projcrecheimg.jpg 250w, https:\/\/nucleobatuira.org.br\/wp-content\/uploads\/2021\/07\/projcrecheimg-150x150.jpg 150w\" sizes=\"(max-width: 250px) 100vw, 250px\" \/><\/div>\n\t\t<\/a>\n\t\t\t\t<div class=\"elementor-post__text\">\n\t\t\t\t<h3 class=\"elementor-post__title\">\n\t\t\t<a href=\"https:\/\/nucleobatuira.org.br\/?p=929\" >\n\t\t\t\tDiferen\u00e7as\t\t\t<\/a>\n\t\t<\/h3>\n\t\t\t\t<div class=\"elementor-post__excerpt\">\n\t\t\t<p>Nos dias atuais que as diferen\u00e7as s\u00e3o t\u00e3o discutidas, a necessidade de uma sociedade sens\u00edvel e capaz de acolher a todos se faz presente em<\/p>\n\t\t<\/div>\n\t\t\t\t\t<a class=\"elementor-post__read-more\" href=\"https:\/\/nucleobatuira.org.br\/?p=929\" >\n\t\t\t\tLER MAIS\t\t\t<\/a>\n\t\t\t\t<\/div>\n\t\t\t\t<\/article>\n\t\t\t\t<article class=\"elementor-post elementor-grid-item post-745 post type-post status-publish format-standard has-post-thumbnail hentry category-sem-categoria\">\n\t\t\t\t<a class=\"elementor-post__thumbnail__link\" href=\"https:\/\/nucleobatuira.org.br\/?p=745\" >\n\t\t\t<div class=\"elementor-post__thumbnail\"><img loading=\"lazy\" decoding=\"async\" width=\"300\" height=\"300\" src=\"https:\/\/nucleobatuira.org.br\/wp-content\/uploads\/2021\/09\/5-300x300.jpg\" class=\"attachment-medium size-medium\" alt=\"\" srcset=\"https:\/\/nucleobatuira.org.br\/wp-content\/uploads\/2021\/09\/5-300x300.jpg 300w, https:\/\/nucleobatuira.org.br\/wp-content\/uploads\/2021\/09\/5-1024x1024.jpg 1024w, https:\/\/nucleobatuira.org.br\/wp-content\/uploads\/2021\/09\/5-150x150.jpg 150w, https:\/\/nucleobatuira.org.br\/wp-content\/uploads\/2021\/09\/5-768x768.jpg 768w, https:\/\/nucleobatuira.org.br\/wp-content\/uploads\/2021\/09\/5.jpg 1080w\" sizes=\"(max-width: 300px) 100vw, 300px\" \/><\/div>\n\t\t<\/a>\n\t\t\t\t<div class=\"elementor-post__text\">\n\t\t\t\t<h3 class=\"elementor-post__title\">\n\t\t\t<a href=\"https:\/\/nucleobatuira.org.br\/?p=745\" >\n\t\t\t\tCuidar e Prosperar\t\t\t<\/a>\n\t\t<\/h3>\n\t\t\t\t<div class=\"elementor-post__excerpt\">\n\t\t\t<p>Para quem ainda n\u00e3o conhece, o programa Cuidando \u00e9 uma frente de trabalho que oferece incentivo e bolsa-aux\u00edlio para pessoas desem-pregadas e em situa\u00e7\u00e3o de<\/p>\n\t\t<\/div>\n\t\t\t\t\t<a class=\"elementor-post__read-more\" href=\"https:\/\/nucleobatuira.org.br\/?p=745\" >\n\t\t\t\tLER MAIS\t\t\t<\/a>\n\t\t\t\t<\/div>\n\t\t\t\t<\/article>\n\t\t\t\t<article class=\"elementor-post elementor-grid-item post-739 post type-post status-publish format-standard has-post-thumbnail hentry category-sem-categoria\">\n\t\t\t\t<a class=\"elementor-post__thumbnail__link\" href=\"https:\/\/nucleobatuira.org.br\/?p=739\" >\n\t\t\t<div class=\"elementor-post__thumbnail\"><img loading=\"lazy\" decoding=\"async\" width=\"300\" height=\"213\" src=\"https:\/\/nucleobatuira.org.br\/wp-content\/uploads\/2021\/07\/Abordagem14-e1632854179991-300x213.jpg\" class=\"attachment-medium size-medium\" alt=\"\" srcset=\"https:\/\/nucleobatuira.org.br\/wp-content\/uploads\/2021\/07\/Abordagem14-e1632854179991-300x213.jpg 300w, https:\/\/nucleobatuira.org.br\/wp-content\/uploads\/2021\/07\/Abordagem14-e1632854179991.jpg 720w\" sizes=\"(max-width: 300px) 100vw, 300px\" \/><\/div>\n\t\t<\/a>\n\t\t\t\t<div class=\"elementor-post__text\">\n\t\t\t\t<h3 class=\"elementor-post__title\">\n\t\t\t<a href=\"https:\/\/nucleobatuira.org.br\/?p=739\" >\n\t\t\t\tO que \u00e9 o SEAS? Entenda.\t\t\t<\/a>\n\t\t<\/h3>\n\t\t\t\t<div class=\"elementor-post__excerpt\">\n\t\t\t<p>Um pouquinho do trabalho que desenvolvemos no SEAS &#8211; algo que nos d\u00e1 muito orgulho!<\/p>\n\t\t<\/div>\n\t\t\t\t\t<a class=\"elementor-post__read-more\" href=\"https:\/\/nucleobatuira.org.br\/?p=739\" >\n\t\t\t\tLER MAIS\t\t\t<\/a>\n\t\t\t\t<\/div>\n\t\t\t\t<\/article>\n\t\t\t\t<article class=\"elementor-post elementor-grid-item post-732 post type-post status-publish format-standard has-post-thumbnail hentry category-sem-categoria\">\n\t\t\t\t<a class=\"elementor-post__thumbnail__link\" href=\"https:\/\/nucleobatuira.org.br\/?p=732\" >\n\t\t\t<div class=\"elementor-post__thumbnail\"><img loading=\"lazy\" decoding=\"async\" width=\"300\" height=\"225\" src=\"https:\/\/nucleobatuira.org.br\/wp-content\/uploads\/2021\/09\/WhatsApp-Image-2021-09-23-at-16.58.58-300x225.jpeg\" class=\"attachment-medium size-medium\" alt=\"\" srcset=\"https:\/\/nucleobatuira.org.br\/wp-content\/uploads\/2021\/09\/WhatsApp-Image-2021-09-23-at-16.58.58-300x225.jpeg 300w, https:\/\/nucleobatuira.org.br\/wp-content\/uploads\/2021\/09\/WhatsApp-Image-2021-09-23-at-16.58.58-1024x768.jpeg 1024w, https:\/\/nucleobatuira.org.br\/wp-content\/uploads\/2021\/09\/WhatsApp-Image-2021-09-23-at-16.58.58-768x576.jpeg 768w, https:\/\/nucleobatuira.org.br\/wp-content\/uploads\/2021\/09\/WhatsApp-Image-2021-09-23-at-16.58.58-1536x1152.jpeg 1536w, https:\/\/nucleobatuira.org.br\/wp-content\/uploads\/2021\/09\/WhatsApp-Image-2021-09-23-at-16.58.58.jpeg 1600w\" sizes=\"(max-width: 300px) 100vw, 300px\" \/><\/div>\n\t\t<\/a>\n\t\t\t\t<div class=\"elementor-post__text\">\n\t\t\t\t<h3 class=\"elementor-post__title\">\n\t\t\t<a href=\"https:\/\/nucleobatuira.org.br\/?p=732\" >\n\t\t\t\tIdosos participam de gin\u00e1stica laboral\t\t\t<\/a>\n\t\t<\/h3>\n\t\t\t\t<div class=\"elementor-post__excerpt\">\n\t\t\t<p>Em parceria com o Sesc Belenzinho, o N\u00facleo Batu\u00edra participou de um aul\u00e3o virtual de gin\u00e1stica laboral, que contou com a presen\u00e7a em massa dos<\/p>\n\t\t<\/div>\n\t\t\t\t\t<a class=\"elementor-post__read-more\" href=\"https:\/\/nucleobatuira.org.br\/?p=732\" >\n\t\t\t\tLER MAIS\t\t\t<\/a>\n\t\t\t\t<\/div>\n\t\t\t\t<\/article>\n\t\t\t\t<article class=\"elementor-post elementor-grid-item post-710 post type-post status-publish format-standard has-post-thumbnail hentry category-sem-categoria\">\n\t\t\t\t<a class=\"elementor-post__thumbnail__link\" href=\"https:\/\/nucleobatuira.org.br\/?p=710\" >\n\t\t\t<div class=\"elementor-post__thumbnail\"><img loading=\"lazy\" decoding=\"async\" width=\"224\" height=\"300\" src=\"https:\/\/nucleobatuira.org.br\/wp-content\/uploads\/2021\/08\/atendimento-socioassistencial0-224x300.jpeg\" class=\"attachment-medium size-medium\" alt=\"\" srcset=\"https:\/\/nucleobatuira.org.br\/wp-content\/uploads\/2021\/08\/atendimento-socioassistencial0-224x300.jpeg 224w, https:\/\/nucleobatuira.org.br\/wp-content\/uploads\/2021\/08\/atendimento-socioassistencial0.jpeg 766w\" sizes=\"(max-width: 224px) 100vw, 224px\" \/><\/div>\n\t\t<\/a>\n\t\t\t\t<div class=\"elementor-post__text\">\n\t\t\t\t<h3 class=\"elementor-post__title\">\n\t\t\t<a href=\"https:\/\/nucleobatuira.org.br\/?p=710\" >\n\t\t\t\t132 pessoas receberam atendimento socioassistencial da Prefeitura neste domingo no Macedo\t\t\t<\/a>\n\t\t<\/h3>\n\t\t\t\t<div class=\"elementor-post__excerpt\">\n\t\t\t<p>Segunda, 02 de Agosto de 2021 &#8211; 10:41 A Secretaria de Desenvolvimento e Assist\u00eancia Social de Guarulhos e o N\u00facleo Batu\u00edra realizaram na manh\u00e3 deste&nbsp;domingo&nbsp;(1\u00ba),<\/p>\n\t\t<\/div>\n\t\t\t\t\t<a class=\"elementor-post__read-more\" href=\"https:\/\/nucleobatuira.org.br\/?p=710\" >\n\t\t\t\tLER MAIS\t\t\t<\/a>\n\t\t\t\t<\/div>\n\t\t\t\t<\/article>\n\t\t\t\t<article class=\"elementor-post elementor-grid-item post-686 post type-post status-publish format-standard has-post-thumbnail hentry category-sem-categoria\">\n\t\t\t\t<a class=\"elementor-post__thumbnail__link\" href=\"https:\/\/nucleobatuira.org.br\/?p=686\" >\n\t\t\t<div class=\"elementor-post__thumbnail\"><img loading=\"lazy\" decoding=\"async\" width=\"169\" height=\"300\" src=\"https:\/\/nucleobatuira.org.br\/wp-content\/uploads\/2021\/07\/WhatsApp-Image-2021-07-23-at-12.13.50-169x300.jpeg\" class=\"attachment-medium size-medium\" alt=\"\" srcset=\"https:\/\/nucleobatuira.org.br\/wp-content\/uploads\/2021\/07\/WhatsApp-Image-2021-07-23-at-12.13.50-169x300.jpeg 169w, https:\/\/nucleobatuira.org.br\/wp-content\/uploads\/2021\/07\/WhatsApp-Image-2021-07-23-at-12.13.50-576x1024.jpeg 576w, https:\/\/nucleobatuira.org.br\/wp-content\/uploads\/2021\/07\/WhatsApp-Image-2021-07-23-at-12.13.50.jpeg 720w\" sizes=\"(max-width: 169px) 100vw, 169px\" \/><\/div>\n\t\t<\/a>\n\t\t\t\t<div class=\"elementor-post__text\">\n\t\t\t\t<h3 class=\"elementor-post__title\">\n\t\t\t<a href=\"https:\/\/nucleobatuira.org.br\/?p=686\" >\n\t\t\t\tS\u00e3o 1.000 emo\u00e7\u00f5es\t\t\t<\/a>\n\t\t<\/h3>\n\t\t\t\t<div class=\"elementor-post__excerpt\">\n\t\t\t<p>S\u00e3o 1.000 emo\u00e7\u00f5es que nos cercam neste momento! Estamos muito felizes e engajados para continuar fazendo nosso trabalho estando t\u00e3o pertinho de cada um de<\/p>\n\t\t<\/div>\n\t\t\t\t\t<a class=\"elementor-post__read-more\" href=\"https:\/\/nucleobatuira.org.br\/?p=686\" >\n\t\t\t\tLER MAIS\t\t\t<\/a>\n\t\t\t\t<\/div>\n\t\t\t\t<\/article>\n\t\t\t\t<\/div>\n\t\t\t\t<\/div>\n\t\t\t\t<\/div>\n\t\t\t\t\t<\/div>\n\t\t<\/div>\n\t\t\t\t\t\t\t<\/div>\n\t\t<\/section>\n\t\t\t\t\t\t<\/div>\n\t\t\t\t\t<\/div>\n\t\t","protected":false},"excerpt":{"rendered":"<p>Novidades<\/p>\n","protected":false},"author":1,"featured_media":0,"parent":0,"menu_order":0,"comment_status":"closed","ping_status":"closed","template":"page-templates\/template-pagebuilder-full-width.php","meta":{"neve_meta_sidebar":"full-width","neve_meta_container":"","neve_meta_enable_content_width":"on","neve_meta_content_width":100,"neve_meta_title_alignment":"","neve_meta_author_avatar":"","neve_post_elements_order":"","neve_meta_disable_header":"","neve_meta_disable_footer":"","neve_meta_disable_title":"","footnotes":""},"_links":{"self":[{"href":"https:\/\/nucleobatuira.org.br\/index.php?rest_route=\/wp\/v2\/pages\/1157"}],"collection":[{"href":"https:\/\/nucleobatuira.org.br\/index.php?rest_route=\/wp\/v2\/pages"}],"about":[{"href":"https:\/\/nucleobatuira.org.br\/index.php?rest_route=\/wp\/v2\/types\/page"}],"author":[{"embeddable":true,"href":"https:\/\/nucleobatuira.org.br\/index.php?rest_route=\/wp\/v2\/users\/1"}],"replies":[{"embeddable":true,"href":"https:\/\/nucleobatuira.org.br\/index.php?rest_route=%2Fwp%2Fv2%2Fcomments&post=1157"}],"version-history":[{"count":13,"href":"https:\/\/nucleobatuira.org.br\/index.php?rest_route=\/wp\/v2\/pages\/1157\/revisions"}],"predecessor-version":[{"id":1171,"href":"https:\/\/nucleobatuira.org.br\/index.php?rest_route=\/wp\/v2\/pages\/1157\/revisions\/1171"}],"wp:attachment":[{"href":"https:\/\/nucleobatuira.org.br\/index.php?rest_route=%2Fwp%2Fv2%2Fmedia&parent=1157"}],"curies":[{"name":"wp","href":"https:\/\/api.w.org\/{rel}","templated":true}]}}